{"id":1778,"date":"2020-04-12T23:15:05","date_gmt":"2020-04-12T23:15:05","guid":{"rendered":"https:\/\/stem.uy\/index.php\/product\/import-placeholder-for-10129\/"},"modified":"2020-05-06T05:11:38","modified_gmt":"2020-05-06T05:11:38","slug":"kit-de-neumtica-533013-pneumatics-34969-accu-set","status":"publish","type":"product","link":"https:\/\/stem.uy\/index.php\/product\/kit-de-neumtica-533013-pneumatics-34969-accu-set\/","title":{"rendered":"Kit de Neum\u00e1tica (533013 Pneumatics, 34969 Accu Set)"},"content":{"rendered":"<p>Este m\u00f3dulo de aprendizaje relacionado con la industria transmite los fundamentos de la <strong>neum\u00e1tica<\/strong> y muestra, bas\u00e1ndose en modelos realistas, el funcionamiento del compresor, las v\u00e1lvulas y los cilindros neum\u00e1ticos.<\/p>\n<p>&nbsp;<\/p>\n<p>El <strong>compresor<\/strong> fuerte y compacto garantiza la alimentaci\u00f3n fiable de los <strong>modelos con aire comprimido<\/strong>. Se pueden montar <strong>8 modelos<\/strong> de aprendizaje que, junto con la informaci\u00f3n complementaria did\u00e1ctica, transmiten amplios conocimientos y competencias acerca del tema Neum\u00e1tica. Este set ofrece temas relevantes para la ense\u00f1anza de las \u00e1reas <strong>F\u00edsica, Tecnolog\u00eda, Ciencias Naturales (MINT)<\/strong> y apoya a los alumnos y alumnas a la hora de adquirirlos conocimientos fundamentales acerca de los principios t\u00e9cnicos.<\/p>\n<p>Pneumatics puede utilizarse tanto en clases guiadas como libres y es uno de los temas preferidos desde hace muchos a\u00f1os.<\/p>\n<p>Adem\u00e1s tiene soporte en <strong>eLearning porta<\/strong>l: <a href=\"http:\/\/www.fischertechnik-elearning.com\">www.fischertechnik-elearning.com<\/a><\/p>\n<h3>Un material did\u00e1ctico adicional:<\/h3>\n<p>El material did\u00e1ctico innovador de fischertechnik le ayuda a transmitir los conocimientos t\u00e9cnicos de forma pr\u00e1ctica y acercar los saberes a sus alumnos, estudiantes o aprendices. El cuaderno did\u00e1ctico adjunto con material did\u00e1ctico y de ense\u00f1anza ofrece modelos y tareas para la preparaci\u00f3n r\u00e1pida de lecciones y contiene problemas y su soluci\u00f3n, folletos y plantillas de copia. Los materiales para la clase pueden consultarse y descargarse de forma gratuita en el portal de eLearning.<\/p>\n<h3>Composici\u00f3n del producto:<\/h3>\n<p>Las 440 piezas de fischertechnik est\u00e1n dispuestas de manera ordenada y clara en dos compartimentos. Las piezas y las claras instrucciones de construcci\u00f3n para 8 modelos de diferentes niveles de dificultad se entregan en una caja de almacenamiento resistente.<\/p>\n<p>Ejes centrales de la clase:<\/p>\n<ul>\n<li>Generaci\u00f3n y distribuci\u00f3n de aire comprimido<\/li>\n<li>Control de cilindros neum\u00e1ticos<\/li>\n<\/ul>\n<p>Objetivos de aprendizaje m\u00e1s importantes:<\/p>\n<ul>\n<li>Aprender la estructura de los sistemas neum\u00e1ticos<\/li>\n<li>Generar aire comprimido el\u00e9ctricamente con el compresor<\/li>\n<li>Comprender el funcionamiento de compresores, v\u00e1lvulas de mano de 4\/3 v\u00edas, cilindros neum\u00e1ticos, etc.<\/li>\n<li>Control de los modelos mediante cilindros neum\u00e1ticos y v\u00e1lvulas de mano de 4\/3 v\u00edas<\/li>\n<li>Profundizar y practicar el trabajo por proyectos y en grupo<\/li>\n<\/ul>\n<h3>El Education Set incluye lo siguiente:<\/h3>\n<ul>\n<li>Compresor<\/li>\n<li>4 cilindros neum\u00e1ticos<\/li>\n<li>4 v\u00e1lvulas de mano de 4\/3 v\u00edas<\/li>\n<li>Soporte para pila de 9 V<\/li>\n<\/ul>\n<p>El innovador <strong>material did\u00e1ctico fischertechnik<\/strong> le ayuda a transmitir de forma pr\u00e1ctica la comprensi\u00f3n t\u00e9cnica y acercarla a sus alumnos, estudiantes o aprendices.<\/p>\n<p>La gu\u00eda did\u00e1ctica correspondiente con material para la clase y el profesor ofrece modelos de visualizaci\u00f3n y tareas para la preparaci\u00f3n r\u00e1pida de su clase y contiene formulaciones de problemas y su soluci\u00f3n, ayudas pr\u00e1cticas y plantillas para copiar.<\/p>\n<h4>Gu\u00eda did\u00e1ctica:<\/h4>\n<h4>Objetivos de aprendizaje:<\/h4>\n<p>Comprender los sistemas de neum\u00e1tica y los componentes<\/p>\n<p>Generar aire comprimido el\u00e9ctricamente usando el compresor<\/p>\n<p>Entender el funcionamiento de los compresores, v\u00e1lvulas manuales de 4\/3, cilindros neum\u00e1ticos y muchos m\u00e1s retos<\/p>\n<p>Controlar el modelo usando un cilindro neum\u00e1tico y una v\u00e1lvula de 4\/3<\/p>\n<p>Profundizar y practicar un proyecto en grupo y trabajar en equipo<\/p>\n<h4>Incluido en el kit:<\/h4>\n<ul>\n<li>Compresor<\/li>\n<li>4x Cilindros neum\u00e1ticos<\/li>\n<li>4x V\u00e1lvulas manuales de 4\/3<\/li>\n<li>Portapilas para pila de 9V (pila no incluida)<\/li>\n<li>Acumulador de Energ\u00eda (Accu Set)<\/li>\n<\/ul>\n<h4>Otros datos:<\/h4>\n<ul>\n<li>Medida de la caja: <strong>44&#215;31,5&#215;15 cm<\/strong><\/li>\n<li>Modelos<strong>: 8<\/strong><\/li>\n<li>Piezas:<strong> 440 aprox.<\/strong><\/li>\n<li>Peso:<strong> 2,991 kg<\/strong><\/li>\n<\/ul>\n","protected":false},"excerpt":{"rendered":"<p><strong>\u00a1Comprender los fundamentos de la neum\u00e1tica y adquirir conocimientos de forma permanente! <\/strong><\/p>\n<p>Art.-No. <strong>533013 Pneumatics<br \/>\n<\/strong><\/p>\n<p>Art.-No. 34969 Accu Set<\/p>\n<p>Principales caracter\u00edsticas:<\/p>\n<ul>\n<li>8 modelos<\/li>\n<li>440 piezas<\/li>\n<li>34969 Bater\u00eda AccuSet<\/li>\n<\/ul>\n","protected":false},"featured_media":2085,"comment_status":"open","ping_status":"closed","template":"","meta":[],"product_cat":[21],"product_tag":[],"class_list":["post-1778","product","type-product","status-publish","has-post-thumbnail","hentry","product_cat-stem-kits"],"yoast_head":"<!-- This site is optimized with the Yoast SEO plugin v24.9 - https:\/\/yoast.com\/wordpress\/plugins\/seo\/ -->\n<title>Kit de Neum\u00e1tica (533013 Pneumatics, 34969 Accu Set) - Ciencia, Tecnolog\u00eda, Ingenier\u00eda &amp; Matem\u00e1ticas | Stem.uy<\/title>\n<meta name=\"robots\" content=\"index, follow, max-snippet:-1, max-image-preview:large, max-video-preview:-1\" \/>\n<link rel=\"canonical\" href=\"https:\/\/stem.uy\/index.php\/product\/kit-de-neumtica-533013-pneumatics-34969-accu-set\/\" \/>\n<meta property=\"og:locale\" content=\"es_ES\" \/>\n<meta property=\"og:type\" content=\"article\" \/>\n<meta property=\"og:title\" content=\"Kit de Neum\u00e1tica (533013 Pneumatics, 34969 Accu Set) - Ciencia, Tecnolog\u00eda, Ingenier\u00eda &amp; Matem\u00e1ticas | Stem.uy\" \/>\n<meta property=\"og:description\" content=\"\u00a1Comprender los fundamentos de la neum\u00e1tica y adquirir conocimientos de forma permanente!   Art.-No. 533013 Pneumatics   Art.-No. 34969 Accu Set  Principales caracter\u00edsticas:   8 modelos  440 piezas  34969 Bater\u00eda AccuSet\" \/>\n<meta property=\"og:url\" content=\"https:\/\/stem.uy\/index.php\/product\/kit-de-neumtica-533013-pneumatics-34969-accu-set\/\" \/>\n<meta property=\"og:site_name\" content=\"Ciencia, Tecnolog\u00eda, Ingenier\u00eda &amp; Matem\u00e1ticas | Stem.uy\" \/>\n<meta property=\"article:modified_time\" content=\"2020-05-06T05:11:38+00:00\" \/>\n<meta property=\"og:image\" content=\"https:\/\/stem.uy\/wp-content\/uploads\/2020\/04\/516185_Pneumatic_3_Spannvorrichtung-2.jpg\" \/>\n\t<meta property=\"og:image:width\" content=\"800\" \/>\n\t<meta property=\"og:image:height\" content=\"600\" \/>\n\t<meta property=\"og:image:type\" content=\"image\/jpeg\" \/>\n<meta name=\"twitter:card\" content=\"summary_large_image\" \/>\n<meta name=\"twitter:label1\" content=\"Est. reading time\" \/>\n\t<meta name=\"twitter:data1\" content=\"3 minutos\" \/>\n<script type=\"application\/ld+json\" class=\"yoast-schema-graph\">{\"@context\":\"https:\/\/schema.org\",\"@graph\":[{\"@type\":\"WebPage\",\"@id\":\"https:\/\/stem.uy\/index.php\/product\/kit-de-neumtica-533013-pneumatics-34969-accu-set\/\",\"url\":\"https:\/\/stem.uy\/index.php\/product\/kit-de-neumtica-533013-pneumatics-34969-accu-set\/\",\"name\":\"Kit de Neum\u00e1tica (533013 Pneumatics, 34969 Accu Set) - Ciencia, Tecnolog\u00eda, Ingenier\u00eda &amp; Matem\u00e1ticas | Stem.uy\",\"isPartOf\":{\"@id\":\"https:\/\/stem.uy\/#website\"},\"primaryImageOfPage\":{\"@id\":\"https:\/\/stem.uy\/index.php\/product\/kit-de-neumtica-533013-pneumatics-34969-accu-set\/#primaryimage\"},\"image\":{\"@id\":\"https:\/\/stem.uy\/index.php\/product\/kit-de-neumtica-533013-pneumatics-34969-accu-set\/#primaryimage\"},\"thumbnailUrl\":\"https:\/\/stem.uy\/wp-content\/uploads\/2020\/04\/516185_Pneumatic_3_Spannvorrichtung-2.jpg\",\"datePublished\":\"2020-04-12T23:15:05+00:00\",\"dateModified\":\"2020-05-06T05:11:38+00:00\",\"breadcrumb\":{\"@id\":\"https:\/\/stem.uy\/index.php\/product\/kit-de-neumtica-533013-pneumatics-34969-accu-set\/#breadcrumb\"},\"inLanguage\":\"es-UY\",\"potentialAction\":[{\"@type\":\"ReadAction\",\"target\":[\"https:\/\/stem.uy\/index.php\/product\/kit-de-neumtica-533013-pneumatics-34969-accu-set\/\"]}]},{\"@type\":\"ImageObject\",\"inLanguage\":\"es-UY\",\"@id\":\"https:\/\/stem.uy\/index.php\/product\/kit-de-neumtica-533013-pneumatics-34969-accu-set\/#primaryimage\",\"url\":\"https:\/\/stem.uy\/wp-content\/uploads\/2020\/04\/516185_Pneumatic_3_Spannvorrichtung-2.jpg\",\"contentUrl\":\"https:\/\/stem.uy\/wp-content\/uploads\/2020\/04\/516185_Pneumatic_3_Spannvorrichtung-2.jpg\",\"width\":800,\"height\":600},{\"@type\":\"BreadcrumbList\",\"@id\":\"https:\/\/stem.uy\/index.php\/product\/kit-de-neumtica-533013-pneumatics-34969-accu-set\/#breadcrumb\",\"itemListElement\":[{\"@type\":\"ListItem\",\"position\":1,\"name\":\"Home\",\"item\":\"https:\/\/stem.uy\/\"},{\"@type\":\"ListItem\",\"position\":2,\"name\":\"Inicio\",\"item\":\"https:\/\/stem.uy\/\"},{\"@type\":\"ListItem\",\"position\":3,\"name\":\"Kit de Neum\u00e1tica (533013 Pneumatics, 34969 Accu Set)\"}]},{\"@type\":\"WebSite\",\"@id\":\"https:\/\/stem.uy\/#website\",\"url\":\"https:\/\/stem.uy\/\",\"name\":\"Ciencia, Tecnolog\u00eda, Ingenier\u00eda &amp; Matem\u00e1ticas | Stem.uy\",\"description\":\"\",\"publisher\":{\"@id\":\"https:\/\/stem.uy\/#organization\"},\"potentialAction\":[{\"@type\":\"SearchAction\",\"target\":{\"@type\":\"EntryPoint\",\"urlTemplate\":\"https:\/\/stem.uy\/?s={search_term_string}\"},\"query-input\":{\"@type\":\"PropertyValueSpecification\",\"valueRequired\":true,\"valueName\":\"search_term_string\"}}],\"inLanguage\":\"es-UY\"},{\"@type\":\"Organization\",\"@id\":\"https:\/\/stem.uy\/#organization\",\"name\":\"Ciencia, Tecnolog\u00eda, Ingenier\u00eda &amp; Matem\u00e1ticas | Stem.uy\",\"url\":\"https:\/\/stem.uy\/\",\"logo\":{\"@type\":\"ImageObject\",\"inLanguage\":\"es-UY\",\"@id\":\"https:\/\/stem.uy\/#\/schema\/logo\/image\/\",\"url\":\"https:\/\/stem.uy\/wp-content\/uploads\/2019\/12\/stem-logo.png\",\"contentUrl\":\"https:\/\/stem.uy\/wp-content\/uploads\/2019\/12\/stem-logo.png\",\"width\":320,\"height\":201,\"caption\":\"Ciencia, Tecnolog\u00eda, Ingenier\u00eda &amp; Matem\u00e1ticas | Stem.uy\"},\"image\":{\"@id\":\"https:\/\/stem.uy\/#\/schema\/logo\/image\/\"}}]}<\/script>\n<!-- \/ Yoast SEO plugin. -->","yoast_head_json":{"title":"Kit de Neum\u00e1tica (533013 Pneumatics, 34969 Accu Set) - Ciencia, Tecnolog\u00eda, Ingenier\u00eda &amp; Matem\u00e1ticas | Stem.uy","robots":{"index":"index","follow":"follow","max-snippet":"max-snippet:-1","max-image-preview":"max-image-preview:large","max-video-preview":"max-video-preview:-1"},"canonical":"https:\/\/stem.uy\/index.php\/product\/kit-de-neumtica-533013-pneumatics-34969-accu-set\/","og_locale":"es_ES","og_type":"article","og_title":"Kit de Neum\u00e1tica (533013 Pneumatics, 34969 Accu Set) - Ciencia, Tecnolog\u00eda, Ingenier\u00eda &amp; Matem\u00e1ticas | Stem.uy","og_description":"\u00a1Comprender los fundamentos de la neum\u00e1tica y adquirir conocimientos de forma permanente!   Art.-No. 533013 Pneumatics   Art.-No. 34969 Accu Set  Principales caracter\u00edsticas:   8 modelos  440 piezas  34969 Bater\u00eda AccuSet","og_url":"https:\/\/stem.uy\/index.php\/product\/kit-de-neumtica-533013-pneumatics-34969-accu-set\/","og_site_name":"Ciencia, Tecnolog\u00eda, Ingenier\u00eda &amp; Matem\u00e1ticas | Stem.uy","article_modified_time":"2020-05-06T05:11:38+00:00","og_image":[{"width":800,"height":600,"url":"https:\/\/stem.uy\/wp-content\/uploads\/2020\/04\/516185_Pneumatic_3_Spannvorrichtung-2.jpg","type":"image\/jpeg"}],"twitter_card":"summary_large_image","twitter_misc":{"Est. reading time":"3 minutos"},"schema":{"@context":"https:\/\/schema.org","@graph":[{"@type":"WebPage","@id":"https:\/\/stem.uy\/index.php\/product\/kit-de-neumtica-533013-pneumatics-34969-accu-set\/","url":"https:\/\/stem.uy\/index.php\/product\/kit-de-neumtica-533013-pneumatics-34969-accu-set\/","name":"Kit de Neum\u00e1tica (533013 Pneumatics, 34969 Accu Set) - Ciencia, Tecnolog\u00eda, Ingenier\u00eda &amp; Matem\u00e1ticas | Stem.uy","isPartOf":{"@id":"https:\/\/stem.uy\/#website"},"primaryImageOfPage":{"@id":"https:\/\/stem.uy\/index.php\/product\/kit-de-neumtica-533013-pneumatics-34969-accu-set\/#primaryimage"},"image":{"@id":"https:\/\/stem.uy\/index.php\/product\/kit-de-neumtica-533013-pneumatics-34969-accu-set\/#primaryimage"},"thumbnailUrl":"https:\/\/stem.uy\/wp-content\/uploads\/2020\/04\/516185_Pneumatic_3_Spannvorrichtung-2.jpg","datePublished":"2020-04-12T23:15:05+00:00","dateModified":"2020-05-06T05:11:38+00:00","breadcrumb":{"@id":"https:\/\/stem.uy\/index.php\/product\/kit-de-neumtica-533013-pneumatics-34969-accu-set\/#breadcrumb"},"inLanguage":"es-UY","potentialAction":[{"@type":"ReadAction","target":["https:\/\/stem.uy\/index.php\/product\/kit-de-neumtica-533013-pneumatics-34969-accu-set\/"]}]},{"@type":"ImageObject","inLanguage":"es-UY","@id":"https:\/\/stem.uy\/index.php\/product\/kit-de-neumtica-533013-pneumatics-34969-accu-set\/#primaryimage","url":"https:\/\/stem.uy\/wp-content\/uploads\/2020\/04\/516185_Pneumatic_3_Spannvorrichtung-2.jpg","contentUrl":"https:\/\/stem.uy\/wp-content\/uploads\/2020\/04\/516185_Pneumatic_3_Spannvorrichtung-2.jpg","width":800,"height":600},{"@type":"BreadcrumbList","@id":"https:\/\/stem.uy\/index.php\/product\/kit-de-neumtica-533013-pneumatics-34969-accu-set\/#breadcrumb","itemListElement":[{"@type":"ListItem","position":1,"name":"Home","item":"https:\/\/stem.uy\/"},{"@type":"ListItem","position":2,"name":"Inicio","item":"https:\/\/stem.uy\/"},{"@type":"ListItem","position":3,"name":"Kit de Neum\u00e1tica (533013 Pneumatics, 34969 Accu Set)"}]},{"@type":"WebSite","@id":"https:\/\/stem.uy\/#website","url":"https:\/\/stem.uy\/","name":"Ciencia, Tecnolog\u00eda, Ingenier\u00eda &amp; Matem\u00e1ticas | Stem.uy","description":"","publisher":{"@id":"https:\/\/stem.uy\/#organization"},"potentialAction":[{"@type":"SearchAction","target":{"@type":"EntryPoint","urlTemplate":"https:\/\/stem.uy\/?s={search_term_string}"},"query-input":{"@type":"PropertyValueSpecification","valueRequired":true,"valueName":"search_term_string"}}],"inLanguage":"es-UY"},{"@type":"Organization","@id":"https:\/\/stem.uy\/#organization","name":"Ciencia, Tecnolog\u00eda, Ingenier\u00eda &amp; Matem\u00e1ticas | Stem.uy","url":"https:\/\/stem.uy\/","logo":{"@type":"ImageObject","inLanguage":"es-UY","@id":"https:\/\/stem.uy\/#\/schema\/logo\/image\/","url":"https:\/\/stem.uy\/wp-content\/uploads\/2019\/12\/stem-logo.png","contentUrl":"https:\/\/stem.uy\/wp-content\/uploads\/2019\/12\/stem-logo.png","width":320,"height":201,"caption":"Ciencia, Tecnolog\u00eda, Ingenier\u00eda &amp; Matem\u00e1ticas | Stem.uy"},"image":{"@id":"https:\/\/stem.uy\/#\/schema\/logo\/image\/"}}]}},"jetpack_sharing_enabled":true,"_links":{"self":[{"href":"https:\/\/stem.uy\/index.php\/wp-json\/wp\/v2\/product\/1778","targetHints":{"allow":["GET"]}}],"collection":[{"href":"https:\/\/stem.uy\/index.php\/wp-json\/wp\/v2\/product"}],"about":[{"href":"https:\/\/stem.uy\/index.php\/wp-json\/wp\/v2\/types\/product"}],"replies":[{"embeddable":true,"href":"https:\/\/stem.uy\/index.php\/wp-json\/wp\/v2\/comments?post=1778"}],"wp:featuredmedia":[{"embeddable":true,"href":"https:\/\/stem.uy\/index.php\/wp-json\/wp\/v2\/media\/2085"}],"wp:attachment":[{"href":"https:\/\/stem.uy\/index.php\/wp-json\/wp\/v2\/media?parent=1778"}],"wp:term":[{"taxonomy":"product_cat","embeddable":true,"href":"https:\/\/stem.uy\/index.php\/wp-json\/wp\/v2\/product_cat?post=1778"},{"taxonomy":"product_tag","embeddable":true,"href":"https:\/\/stem.uy\/index.php\/wp-json\/wp\/v2\/product_tag?post=1778"}],"curies":[{"name":"wp","href":"https:\/\/api.w.org\/{rel}","templated":true}]}}